eatest common factor of 3 and 65117589?
3
Calculate the highest common factor of 1635 and 2132565.
15
What is the highest common factor of 126544 and 976?
16
Calculate the highest common factor of 24907300 and 3300.
1100
Calculate the greatest common divisor of 780 and 17781270.
390
What is the highest common divisor of 104 and 34646846?
26
Calculate the greatest common divisor of 500 and 69380100.
100
Calculate the greatest common factor of 3864223 and 517.
11
Calculate the greatest common factor of 73464 and 240504.
24
What is the highest common divisor of 145 and 480994145?
145
What is the highest common divisor of 9 and 22991301?
9
Calculate the greatest common factor of 3646435 and 65845.
65
Calculate the greatest common factor of 1238310 and 6435.
45
Calculate the greatest common divisor of 17825 and 183655.
115
What is the greatest common factor of 2993292 and 1530883?
4891
What is the greatest common factor of 33224922 and 2?
2
What is the highest common factor of 2088 and 3007996?
116
Calculate the highest common factor of 63708 and 16056.
12
Calculate the greatest common factor of 41 and 16340099.
41
Calculate the highest common factor of 52273034 and 3498.
22
What is the highest common divisor of 4616 and 26920?
8
What is the highest common factor of 23865 and 2327448?
111
Calculate the greatest common divisor of 6511 and 249577.
17
Calculate the highest common divisor of 2616027340 and 20.
20
Calculate the greatest common factor of 2177344249 and 1097.
1097
What is the greatest common divisor of 108999429 and 14?
7
What is the greatest common divisor of 363240488 and 676?
676
What is the greatest common factor of 44874 and 1812411?
2493
What is the highest common divisor of 8129599 and 232?
29
What is the highest common divisor of 23560448 and 256?
256
What is the highest common factor of 26781640 and 1520?
760
Calculate the highest common factor of 150337187 and 707.
707
Calculate the greatest common factor of 4468 and 2629947458.
2234
Calculate the greatest common divisor of 1375586250 and 930.
930
Calculate the greatest common factor of 163150 and 931710.
130
Calculate the highest common factor of 56 and 530406940.
28
Calculate the greatest common divisor of 63168 and 12267564.
564
Calculate the greatest common divisor of 91960 and 33176.
88
What is the greatest common divisor of 33092418 and 51?
3
Calculate the highest common factor of 1280 and 6843136.
256
What is the highest common divisor of 714621515 and 15910?
7955
Calculate the highest common divisor of 2001479 and 38.
19
Calculate the highest common divisor of 15275 and 1053.
13
What is the greatest common divisor of 3776 and 206854000?
944
Calculate the highest common factor of 636309 and 9.
9
Calculate the greatest common divisor of 49384 and 152.
8
Calculate the highest common divisor of 55909046 and 6.
2
Calculate the highest common factor of 6 and 14440802.
2
What is the highest common divisor of 11372786 and 6504?
542
Calculate the highest common divisor of 129912 and 3000.
24
What is the highest common divisor of 60165 and 10795050?
315
What is the greatest common factor of 2042296 and 232?
232
What is the greatest common factor of 7671861 and 135?
27
Calculate the greatest common divisor of 2685779250 and 2310.
2310
Calculate the greatest common divisor of 283891 and 1565.
313
What is the greatest common divisor of 390 and 45970?
10
What is the highest common divisor of 1971190 and 410?
10
Calculate the greatest common divisor of 2352 and 1552656.
336
What is the greatest common factor of 178405182 and 18?
18
Calculate the highest common factor of 852769 and 1.
1
What is the greatest common factor of 3167392 and 96?
32
Calculate the greatest common divisor of 573683 and 2134.
11
Calculate the greatest common factor of 6384 and 202274.
38
Calculate the greatest common divisor of 304 and 28432.
16
What is the greatest common divisor of 12 and 143695116?
12
What is the greatest common factor of 22 and 78016664?
22
What is the greatest common factor of 175404415 and 7025?
1405
What is the highest common factor of 375777853 and 319?
319
Calculate the highest common divisor of 109624870 and 76.
38
Calculate the highest common factor of 39767 and 131272960.
2093
Calculate the greatest common divisor of 5853359 and 3987.
443
Calculate the greatest common divisor of 2346638 and 186.
62
What is the highest common divisor of 66 and 743403243?
33
Calculate the greatest common factor of 1122275175 and 2450.
1225
Calculate the greatest common divisor of 120396288 and 42616.
6088
Calculate the greatest common factor of 298350 and 335070.
4590
What is the highest common factor of 18 and 12358476?
18
Calculate the greatest common factor of 88843936 and 348.
116
Calculate the greatest common factor of 1025 and 3069096.
41
Calculate the highest common divisor of 560106 and 1195322.
2146
What is the greatest common factor of 1030950063 and 3861?
1287
Calculate the highest common divisor of 3088 and 366512.
16
Calculate the greatest common divisor of 16277 and 1014955.
41
What is the greatest common divisor of 1014 and 142536?
6
Calculate the highest common factor of 9169761 and 33573.
1083
Calculate the greatest common factor of 15035361 and 306.
51
Calculate the greatest common divisor of 4453 and 49859.
73
Calculate the highest common divisor of 121252 and 4.
4
What is the highest common factor of 7012976 and 12744?
472
Calculate the greatest common divisor of 59 and 820090501.
59
What is the greatest common divisor of 546 and 145807571?
91
Calculate the highest common divisor of 348654179 and 93.
31
What is the greatest common factor of 18104 and 934447012?
9052
Calculate the greatest common divisor of 12178 and 3274.
2
What is the greatest common divisor of 34367216 and 5588?
508
What is the greatest common factor of 117300 and 437529?
1173
Calculate the greatest common divisor of 3714 and 396292466.
1238
Calculate the greatest common factor of 18 and 67761.
9
Calculate the highest common factor of 155490 and 256230.
2190
Calculate the greatest common factor of 63530 and 1810.
10
What is the greatest common factor of 1488875 and 16856?
43
Calculate the greatest common factor of 622 and 75653549.
311
What is the highest common factor of 65 and 182900315?
65
Calculate the greatest common factor of 33663736 and 2152.
2152
Calculate the highest common factor of 1428 and 1012146.
102
What is the highest common divisor of 560494 and 529177?
803
Calculate the greatest common factor of 8928648 and 1566.
18
Calculate the highest common divisor of 4751737 and 116.
29
Calculate the highest common factor of 6708416 and 30888.
1144
What is the highest common factor of 2589 and 8573042?
863
What is the highest common divisor of 20064 and 3855879?
57
What is the greatest common factor of 17090 and 63810?
10
What is the greatest common divisor of 1221721641 and 5985?
1197
Calculate the highest common factor of 10985500 and 508.
508
What is the greatest common divisor of 15880815 and 165?
15
Calculate the highest common factor of 1139164 and 5252.
52
Calculate the highest common factor of 676 and 61708.
4
What is the greatest common divisor of 97840 and 5120?
80
Calculate the greatest common divisor of 88736 and 1040016.
752
Calculate the highest common divisor of 175144 and 86.
2
What is the highest common divisor of 6 and 15411657?
3
Calculate the highest common divisor of 434696 and 781488.
536
What is the highest common divisor of 3991644 and 81?
9
Calculate the greatest common factor of 17298 and 525276.
18
Calculate the greatest common divisor of 20739 and 40641.
93
What is the greatest common factor of 276 and 13916?
4
What is the highest common factor of 3959685 and 12?
3
Calculate the greatest common divisor of 9500303 and 790.
79
Calculate the greatest common factor of 4709925 and 3979.
173
Calculate the highest common factor of 213559 and 4619.
31
Calculate the greatest common divisor of 269757 and 330939.
2781
Calculate the greatest common divisor of 27204995 and 25.
5
What is the greatest common divisor of 2603880 and 76680?
1080
Calculate the greatest common divisor of 11019668 and 5566.
506
Calculate the highest common factor of 488323 and 11206.
431
Calculate the greatest co